7*r(l) + 6*u(l). What is x(-5)?
-23
Let h(r) = 6*r**2 + r - 1. Suppose -9*a + 10*a = 0. Suppose a = 4*j - 12, 5*l - 31 = -6*j + 4*j. Let t(z) = -z**2 + 1. Let w(y) = l*t(y) + h(y). Calculate w(0).
4
Let r(a) be the second derivative of -a**7/840 + a**6/40 + 11*a**5/120 + a**4/3 - 19*a**3/3 + 43*a. Let q(b) be the second derivative of r(b). Give q(10).
18
Let b(q) = -3*q - 3. Suppose -119 = 9*p - 308. Let x be (p/6 + -4)/((-1)/(-6)). Calculate b(x).
6
Let m(u) = u + 7. Let s(l) = l**2 - 35*l + 58. Let d be s(33). What is m(d)?
-1
Let n = -262 + 261. Let x(r) = -r - 1. Determine x(n).
0
Let b(x) = -6*x + x**2 - 1 + 3 + 0*x. Let c be -1*2*249/(-18)*-3. Let m = c - -87. Determine b(m).
-6
Let a(k) = k**3 - 4*k**2 + 3*k - 5. Let y be a(4). Let s = -4 + y. Let t(c) = -7*c**2 + s*c**2 - 2*c**3 - 4 - 5*c + 3*c**3 + 5. What is t(5)?
1
Let g = 0 - -1. Suppose 16 = -2*k + 50. Let v(j) = -j + 7. Let u(p) = -3*p + 20. Let n(l) = k*v(l) - 6*u(l). What is n(g)?
0
Suppose 3*r - r - 6 = 0. Let b(u) = 4*u - u - 2*u + 6 + u**r + u**2. Suppose 6*g = 3*g + 4*g. Determine b(g).
6
Let o = 12 + -12. Let v be (0 - 1)/(o + -1). Let w(u) = 0*u + 8 + v - u + 2*u. What is w(-4)?
5
Let c be (-4)/(-16) + (-34)/8. Let a be c + 3 - -7*1. Let q(b) = -2 + 2*b**3 + 13*b - 6*b - b**3 + 8 + a*b**2. Give q(-4).
10
Let g(l) = -l + 1. Let p(r) = -28*r + 250. Let z be p(9). Calculate g(z).
3
Suppose -8*l + 16 = -8. Suppose 15 = 3*b, -l*x + 4*b = 5*b + 10. Let n(p) = -7*p + 0*p**2 + 3*p + 4*p**2 + p**3 - 3. What is n(x)?
-8
Let o(r) = r**3 + 3*r**2 + r - 3. Let m be o(-3). Let s(f) be the third derivative of 0*f - 7/24*f**4 + 3*f**2 - 7/6*f**3 - 1/60*f**5 + 0. Determine s(m).
-1
Let b(i) = i**2 + 3. Suppose 5*r = 5*w - 45, -w + 3*r = -14 - 5. Determine b(w).
19
Let r(v) be the first derivative of -v**2 + 3*v + 1. Let h be -2 + 3*-5 + 1. Let z = h + 20. Give r(z).
-5
Let g be ((-30)/(-25))/(3/10). Let k be g/2 - (6 - 9). Suppose -k*j - 15 = -0*j. Let m(z) = z**2 + z - 4. What is m(j)?
2
Let a be 0 + (1 - 1) + 1. Let g be (0 + a + -2)/1. Let q(p) be the first derivative of -7*p**2/2 - p - 3980. What is q(g)?
6
Let v(p) = -p**3 - 11*p**2 - 11*p - 13. Let c be v(-10). Let j(x) be the third derivative of -5*x**4/24 - x**3/3 - 3*x**2. Calculate j(c).
13
Let z(w) be the third derivative of 13*w**2 + 0 + 1/2*w**3 + 0*w + 1/24*w**4. Give z(-4).
-1
Suppose 0 = -6*h + 17*h + 44. Let f(o) = -o**2 - 6*o - 5. Give f(h).
3
Let l = -4 + 8. Let z(f) = -2*f + 2. Let g(q) = -5*q + 7. Let b(a) = -g(a) + z(a). Calculate b(l).
7
Let m(g) = 2*g - 3. Suppose 2*i - 37 = -5*k, 5*i + 4*k + 1 - 51 = 0. What is m(i)?
9
Let i be (-3*1)/(3/(-8)). Let d(x) = 2*x**2 + x + 4. Let l(f) = -5*f**2 - 4*f - 11. Let c(a) = i*d(a) + 3*l(a). Suppose 22 = 20*b + 8*b - 34. Give c(b).
-5
Suppose -2*b + 4 = -0*b + 4*u, 5*b - 5*u = -5. Let m(x) = x + 15. What is m(b)?
15
Let r be 5/(-10) - 75/(-10). Let w(a) = -12*a**3 + 5*a**3 - r + 7*a**2 + 8*a**3 - 3*a + 9*a. Give w(-6).
-7
Let d be 3/(-9)*6*-1. Let j(m) = -23 - 7*m**2 + 26 - 2*m + 6*m**d. Calculate j(-4).
-5
Let i(r) be the second derivative of r**4/12 - r**3/6 - r**2/2 + 12*r + 9. Calculate i(-2).
5
Let g = 31 - 26. Let o(q) = 2 + q**3 + 7*q - 9 - 2*q**2 - g*q**2 + 0*q**3. Calculate o(6).
-1
Suppose -3*n = -2*n + 2. Let l be 2/(4*1/n). Let q(k) = -5*k - 5. Let a(u) = -4*u - 6. Let f(r) = 5*a(r) - 6*q(r). What is f(l)?
-10
Let f(k) = -k**3 - 3*k**2 + 7*k + 10. Let x be f(-4). Let a(g) = 16*g**2 - 3*g + 2. Let p(s) = 63*s**2 - 13*s + 9. Let m(z) = x*p(z) + 9*a(z). Determine m(1).
17
Let u(y) be the third derivative of y**4/8 - y**3/6 - y**2. Let m(x) = x**3 - 5*x**2 + 5*x - 2. Let l = -25 + 29. Let t be m(l). Calculate u(t).
5
Let g(k) = -3*k**2 - 2*k - 5617 + 5623 - 9*k. Determine g(-5).
-14
Let w(b) be the third derivative of b**6/120 + b**5/12 + b**4/6 + 2*b**3/3 + 58*b**2 - 2*b. Suppose o + 0*o + 15 = 0. Let s = o - -11. What is w(s)?
4
Let i(m) be the first derivative of -2*m**2 + 3*m + 331. Give i(4).
-13
Let q(p) be the second derivative of p**3/6 - p**2/2 + 31*p. Let l(y) = 2. Let o(x) = l(x) + 2*q(x). What is o(-2)?
-4
Suppose 4*d - 4*n - 56 = 0, 5*n - n + 67 = 5*d. Let i(g) = -4*g + 42. What is i(d)?
-2
Let i(t) be the second derivative of t**4/12 + t**3/6 - t**2 + 988*t. Give i(7).
54
Suppose -70*a = -63*a - 28. Let y(j) = j**3 - 4*j**2 + j + 1. Give y(a).
5
Let n = 580 + -577. Let p(y) be the second derivative of -1/2*y**n + 0 + 1/2*y**2 - 10*y. Determine p(1).
-2
Let c(p) = p**2 - 7*p. Let l = 168 - 297. Let s = -123 - l. Give c(s).
-6
Let w(z) be the first derivative of z**4/24 - z**3/3 - 2*z**2 + 12. Let j(b) be the second derivative of w(b). Determine j(5).
3
Let v(o) = -5*o. Let y(j) be the third derivative of 2/3*j**4 + 0 + 0*j + j**2 + 0*j**3. Let p(l) = -7*v(l) - 2*y(l). Give p(1).
3
Let q(g) = g + 5. Suppose 0*m - 352 = 4*m. Let r = m - -83. What is q(r)?
0
Let v be (0*(-1)/(-2))/2. Suppose v = -5*z + m + 8, 0 = 2*z - m + 4*m - 10. Let p(d) = -3*d + 1 - 6 - 1 + z + d**2. Determine p(3).
-4
Let v(n) = -306*n + 316*n - n**2 + 23 - 6. Determine v(12).
-7
Let s(o) be the third derivative of -o**8/6720 - o**7/840 + o**6/180 - o**4/2 - 16*o**2. Let a(p) be the second derivative of s(p). Calculate a(-4).
0
Let l(w) = -5*w**3 - w**2 - 4*w - 3. Let c be l(-1). Let r(f) = f**2 - 2*f - 7. Let u(z) = 2*z**2 - 5*z - 14. Let h(x) = c*r(x) - 3*u(x). Calculate h(5).
7
Let m(z) = z + 5. Let v = -68 - -14. Let w be 12/v + 158/(-18). Calculate m(w).
-4
Let u(i) = i. Let z be u(3). Let h(b) = 89*b**3 - 49*b**z + 4*b**2 - 3*b - 39*b**3 - 3. Let m(x) = -3*x**3 - 2*x**2 + x. Let j be m(1). Give h(j).
9
Let r = -392 + 401. Let j(n) = -n**3 + 8*n**2 + 5*n + 9. What is j(r)?
-27
Let f(z) = -z**3 - 6*z**2 - 7*z - 4. Suppose 2*i = -3*i - 25. Let h be -2*(-3)/(6/i). What is f(h)?
6
Suppose 2*r - 10 = 44. Let c = r + -9. Let u(b) = b + c - 11 - 13. Give u(9).
3
Let x(j) be the first derivative of -j**2 - 2*j + 11. Let d be x(-5). Let v(w) = -w + 10. Give v(d).
2
Let j(g) = -1 - 12*g**2 - 19*g**2 + 32*g**2. Let o(n) = n**3 - 6*n**2 - 7*n + 9. Suppose b - 4 = -3*b. Let h(c) = b*o(c) + 2*j(c). Determine h(5).
-3
Let v(q) = 2*q - 3. Let w(i) = i**2 - 8*i - 3. Suppose 0 = 5*o - o - 68. Suppose -4*a - y = -37, -o = a - 0*y - 5*y. Let b be w(a). Calculate v(b).
-9
Let s(x) = x + 3. Let p(o) = 3 - 2 - 2 + 2. Let b(g) = -6*p(g) + s(g). What is b(0)?
-3
Let y(w) = -4 + 4*w**2 + w**3 - 3*w - 2 + 4 - 4. Suppose 25 = -141*p + 136*p. What is y(p)?
-16
Let x(u) = -u - 2. Let a = 33 - 20. Let h = a - 16. Calculate x(h).
1
Suppose 5*x - 5 = f, -5*x + 2*x + 25 = -5*f. Let t(q) = x - 90*q + 98*q - 1. Give t(-1).
-9
Suppose 2*j - 5 = -3*j. Let r(n) = -2*n - 2*n**3 + 0 - n**3 + n**2 + 0*n**3 + 9*n**3 + 1. Calculate r(j).
6
Let r(p) = -3*p - 7. Suppose 3*d + 3*c - 16 = 11, -24 = -4*d + 2*c. Give r(d).
-28
Let r(d) = 4 + 12*d - 8*d**2 - 20*d**2 + d**3 + 40*d**2. What is r(-11)?
-7
Let k(n) = 4*n**2 + 6*n + 15. Let s(p) = -3*p**2 - 5*p - 13. Let q(h) = -4*k(h) - 5*s(h). Let d = 3 + 0. Let b = d - 3. What is q(b)?
5
Let a(o) be the second derivative of -2*o**3/3 - o**2 + 31*o. Determine a(-1).
2
Let y(o) be the third derivative of o**4/24 - o**3/3 + 202*o**2. Determine y(3).
1
Let l(z) = -2*z + 3. Let n be l(2). Let p(b) be the second derivative of 0 + 0*b**3 + 1/2*b**2 - 1/12*b**4 + 3/20*b**5 + 17*b. Determine p(n).
-3
Let f(d) = -8*d**2 + 0*d**2 - 2*d**2 - 5*d + 9*d**2 + 2. Determine f(-4).
6
Let a = 0 - 3. Let q be a + (-14)/((-2)/1). Suppose -5*y - o - 20 = 0, 18 = 4*y - q*o + 58. Let x(j) = -j**2 - 6*j - 4. Give x(y).
1
Suppose -233*b + 70 = -238*b. Let p(o) = -2*o - 23. What is p(b)?
5
Suppose -12*a = -9*a - 18. Let w be a/((-1 - -3) + -4). Let d(o) = o**3 + 3*o**2 + 2*o - 2. What is d(w)?
-8
Suppose 0 = w + 28*w + 29. Let q(o) = 3*o - 1. Calculate q(w).
-4
Let j(q) = -4*q**3 + 8*q**2 + 8*q + 7. Let p(u) = 5*u**3 - 8*u**2 - 9*u - 6. Let z(t) = -4*j(t) - 3*p(t). What is z(9)?
26
Let n(c) = -c**3 - 20*c**2 - 84*c - 12. Let p be n(-14). Let g(m) = m**2 + 12*m - 11. What is g(p)?
-11
Let n(f) = f + 2. Let g be (3/4)/(5/20). Let k(u) = -u - 1. Let i(o) = g*n(o) + 7*k(o). Determine i(1).
-5
Let n(g) = -7 - 11*g - 20 + 3*g + g**3 + 18 + 2*g**2. Give n(-4).
-9
Let t(w) be the first derivative of w**2/2 - 7*w 